{"id":187,"date":"2023-10-30T15:38:41","date_gmt":"2023-10-30T14:38:41","guid":{"rendered":"https:\/\/energiabulegoa.o\u00f1ati.eus\/plan-de-energia\/"},"modified":"2024-12-10T11:09:52","modified_gmt":"2024-12-10T10:09:52","slug":"plan-de-energia","status":"publish","type":"page","link":"https:\/\/energiabulegoa.debagoiena.eus\/es\/energia-bulegoa\/plan-de-energia\/","title":{"rendered":"Plan de energ\u00eda de Debagoiena"},"content":{"rendered":"\n<div class=\"wp-block-cover has-background-color has-text-color has-link-color wp-elements-50df029cc6d2ac702b3e449f7bf7bfd7 wp-duotone-dark-grayscale\" style=\"margin-top:0;margin-bottom:0\"><span aria-hidden=\"true\" class=\"wp-block-cover__background has-tertiary-background-color has-background-dim-80 has-background-dim\"><\/span><img loading=\"lazy\" decoding=\"async\" width=\"1920\" height=\"1280\" class=\"wp-block-cover__image-background wp-image-386\" alt=\"\" src=\"https:\/\/energiabulegoa.o\u00f1ati.eus\/app\/uploads\/2023\/11\/kazuend-cCthPLHmrzI-unsplash.jpg\" data-object-fit=\"cover\" srcset=\"https:\/\/energiabulegoa.debagoiena.eus\/wp-content\/uploads\/2023\/11\/kazuend-cCthPLHmrzI-unsplash.jpg 1920w, https:\/\/energiabulegoa.debagoiena.eus\/wp-content\/uploads\/2023\/11\/kazuend-cCthPLHmrzI-unsplash-300x200.jpg 300w, https:\/\/energiabulegoa.debagoiena.eus\/wp-content\/uploads\/2023\/11\/kazuend-cCthPLHmrzI-unsplash-1024x683.jpg 1024w, https:\/\/energiabulegoa.debagoiena.eus\/wp-content\/uploads\/2023\/11\/kazuend-cCthPLHmrzI-unsplash-768x512.jpg 768w, https:\/\/energiabulegoa.debagoiena.eus\/wp-content\/uploads\/2023\/11\/kazuend-cCthPLHmrzI-unsplash-1536x1024.jpg 1536w\" sizes=\"auto, (max-width: 1920px) 100vw, 1920px\" \/><div class=\"wp-block-cover__inner-container has-global-padding is-layout-constrained wp-block-cover-is-layout-constrained\">\n<div class=\"wp-block-group alignfull is-layout-flow wp-block-group-is-layout-flow\">\n<div class=\"wp-block-columns are-vertically-aligned-center is-layout-flex wp-container-core-columns-is-layout-5c8fb865 wp-block-columns-is-layout-flex\">\n<div class=\"wp-block-column is-vertically-aligned-center is-layout-flow wp-block-column-is-layout-flow\">\n<div class=\"wp-block-group is-nowrap is-layout-flex wp-container-core-group-is-layout-fc054d2d wp-block-group-is-layout-flex\">\n<h1 class=\"wp-block-heading has-background-color has-text-color has-link-color has-montserrat-font-family wp-elements-1217393b1d17aa4f94d20c89f2bd457f\" style=\"font-size:clamp(2.629rem, 2.629rem + ((1vw - 0.2rem) * 3.449), 5rem);font-style:normal;font-weight:700\">1<\/h1>\n\n\n\n<div class=\"wp-block-group has-montserrat-font-family has-global-padding is-layout-constrained wp-container-core-group-is-layout-570efc33 wp-block-group-is-layout-constrained\" style=\"border-radius:5px;padding-top:var(--wp--preset--spacing--30);padding-right:var(--wp--preset--spacing--30);padding-bottom:var(--wp--preset--spacing--30);padding-left:var(--wp--preset--spacing--30)\">\n<h3 class=\"wp-block-heading has-montserrat-font-family\" style=\"font-style:normal;font-weight:600;text-transform:uppercase\"><br\/>APOSTAR POR EL CAMBIO DEL MODELO ENERG\u00c9TICO<\/h3>\n\n\n\n<p>El objetivo es establecer la coordinaci\u00f3n interinstitucional para la planificaci\u00f3n y acci\u00f3n energ\u00e9tica, en colaboraci\u00f3n con el resto de agentes, para afrontar los retos de futuro (Mesa Comarcal de Energ\u00eda, \u2026)<\/p>\n\n\n\n<p>El objetivo de esta l\u00ednea es facilitar herramientas para la transformaci\u00f3n: Poner en marcha una oficina de energ\u00eda y un observatorio de datos para resolver las dudas de la ciudadan\u00eda)<\/p>\n<\/div>\n<\/div>\n<\/div>\n\n\n\n<div class=\"wp-block-column is-vertically-aligned-center is-layout-flow wp-block-column-is-layout-flow\">\n<div class=\"wp-block-group is-nowrap is-layout-flex wp-container-core-group-is-layout-fc054d2d wp-block-group-is-layout-flex\">\n<h1 class=\"wp-block-heading has-background-color has-text-color has-link-color has-montserrat-font-family wp-elements-bab745ab816a139709d5219ba3cd6ddb\" style=\"font-size:clamp(2.629rem, 2.629rem + ((1vw - 0.2rem) * 3.449), 5rem);font-style:normal;font-weight:700\">2<\/h1>\n\n\n\n<div class=\"wp-block-group has-montserrat-font-family has-global-padding is-layout-constrained wp-container-core-group-is-layout-570efc33 wp-block-group-is-layout-constrained\" style=\"border-radius:5px;padding-top:var(--wp--preset--spacing--30);padding-right:var(--wp--preset--spacing--30);padding-bottom:var(--wp--preset--spacing--30);padding-left:var(--wp--preset--spacing--30)\">\n<h3 class=\"wp-block-heading has-montserrat-font-family\" style=\"font-style:normal;font-weight:600;text-transform:uppercase\"><br\/><strong>PROMOVER UNA ADMINISTRACI\u00d3N P\u00daBLICA COMARCAL RESPONSABLE EN MATERIA DE ENERG\u00cdA<\/strong><\/h3>\n\n\n\n<p>La adecuaci\u00f3n de la administraci\u00f3n de la comarca a la Ley de Sostenibilidad Energ\u00e9tica es imprescindible, y para ello se trabajar\u00e1n iniciativas para mejorar la eficiencia energ\u00e9tica y promover la generaci\u00f3n de energ\u00edas renovables en los edificios p\u00fablicos de la comarca con los que cuentan los ayuntamientos<\/p>\n<\/div>\n<\/div>\n<\/div>\n<\/div>\n\n\n\n<div class=\"wp-block-columns is-layout-flex wp-container-core-columns-is-layout-5c8fb865 wp-block-columns-is-layout-flex\">\n<div class=\"wp-block-column is-vertically-aligned-center is-layout-flow wp-block-column-is-layout-flow\">\n<div class=\"wp-block-group is-nowrap is-layout-flex wp-container-core-group-is-layout-fc054d2d wp-block-group-is-layout-flex\">\n<h1 class=\"wp-block-heading has-background-color has-text-color has-link-color has-montserrat-font-family wp-elements-43ebe30896ce0bc38aa5322403f218b7\" style=\"font-size:clamp(2.629rem, 2.629rem + ((1vw - 0.2rem) * 3.449), 5rem);font-style:normal;font-weight:700\">3<\/h1>\n\n\n\n<div class=\"wp-block-group has-montserrat-font-family has-global-padding is-layout-constrained wp-container-core-group-is-layout-570efc33 wp-block-group-is-layout-constrained\" style=\"border-radius:5px;padding-top:var(--wp--preset--spacing--30);padding-right:var(--wp--preset--spacing--30);padding-bottom:var(--wp--preset--spacing--30);padding-left:var(--wp--preset--spacing--30)\">\n<h3 class=\"wp-block-heading has-montserrat-font-family\" style=\"font-style:normal;font-weight:600;text-transform:uppercase\"><br\/><strong>IMPULSAR LA GESTI\u00d3N ENERG\u00c9TICA SOSTENIBLE EN HOGARES Y ACTIVIDADES ECON\u00d3MICAS<\/strong><\/h3>\n\n\n\n<p>El objetivo es facilitar herramientas para el empoderamiento de la ciudadan\u00eda en materia energ\u00e9tica, poniendo en marcha informaci\u00f3n y recursos para la gesti\u00f3n de la energ\u00eda en los hogares y centros educativos.<\/p>\n\n\n\n<p>Tambi\u00e9n tiene como objetivo ampliar el tratamiento de la vulnerabilidad energ\u00e9tica.<\/p>\n\n\n\n<p>Facilitar herramientas de apoyo para la mejora de edificios, instalaciones y equipos en actividades econ\u00f3micas (an\u00e1lisis de eficiencia energ\u00e9tica y viabilidad de renovables), as\u00ed como informaci\u00f3n, sensibilizaci\u00f3n y formaci\u00f3n dirigida principalmente al sector de la construcci\u00f3n<\/p>\n<\/div>\n<\/div>\n<\/div>\n\n\n\n<div class=\"wp-block-column is-vertically-aligned-center is-layout-flow wp-block-column-is-layout-flow\">\n<div class=\"wp-block-group is-nowrap is-layout-flex wp-container-core-group-is-layout-fc054d2d wp-block-group-is-layout-flex\">\n<h1 class=\"wp-block-heading has-background-color has-text-color has-link-color has-montserrat-font-family wp-elements-5cf3659f2ac693401f9a19e4e381a802\" style=\"font-size:clamp(2.629rem, 2.629rem + ((1vw - 0.2rem) * 3.449), 5rem);font-style:normal;font-weight:700\">4<\/h1>\n\n\n\n<div class=\"wp-block-group has-montserrat-font-family has-global-padding is-layout-constrained wp-container-core-group-is-layout-570efc33 wp-block-group-is-layout-constrained\" style=\"border-radius:5px;padding-top:var(--wp--preset--spacing--30);padding-right:var(--wp--preset--spacing--30);padding-bottom:var(--wp--preset--spacing--30);padding-left:var(--wp--preset--spacing--30)\">\n<h3 class=\"wp-block-heading has-montserrat-font-family\" style=\"font-style:normal;font-weight:600;text-transform:uppercase\"><br\/><strong>DESARROLLO DEL URBANISMO Y LA MOVILIDAD COMARCAL CON CRITERIOS DE ENERG\u00cdA Y CLIMA\/strong&gt;<\/strong><\/h3>\n\n\n\n<p><br\/>El objetivo es promover la eficiencia energ\u00e9tica y las energ\u00edas renovables en el \u00e1mbito urbano. El objetivo es impulsar la sostenibilidad en la rehabilitaci\u00f3n de la vivienda y avanzar en el camino hacia la movilidad sostenible (estudios de cargaderos para coches el\u00e9ctricos, \u2026) mediante la promoci\u00f3n de recomendaciones t\u00e9cnicas sobre eficiencia energ\u00e9tica y energ\u00edas renovables en proyectos de planificaci\u00f3n urban\u00edstica y regeneraci\u00f3n de barrios.<\/p>\n<\/div>\n<\/div>\n<\/div>\n<\/div>\n<\/div>\n<\/div><\/div>\n","protected":false},"excerpt":{"rendered":"","protected":false},"author":1,"featured_media":0,"parent":197,"menu_order":0,"comment_status":"closed","ping_status":"closed","template":"wp-custom-template-energia-plana","meta":{"footnotes":""},"class_list":["post-187","page","type-page","status-publish","hentry"],"_links":{"self":[{"href":"https:\/\/energiabulegoa.debagoiena.eus\/es\/wp-json\/wp\/v2\/pages\/187","targetHints":{"allow":["GET"]}}],"collection":[{"href":"https:\/\/energiabulegoa.debagoiena.eus\/es\/wp-json\/wp\/v2\/pages"}],"about":[{"href":"https:\/\/energiabulegoa.debagoiena.eus\/es\/wp-json\/wp\/v2\/types\/page"}],"author":[{"embeddable":true,"href":"https:\/\/energiabulegoa.debagoiena.eus\/es\/wp-json\/wp\/v2\/users\/1"}],"replies":[{"embeddable":true,"href":"https:\/\/energiabulegoa.debagoiena.eus\/es\/wp-json\/wp\/v2\/comments?post=187"}],"version-history":[{"count":18,"href":"https:\/\/energiabulegoa.debagoiena.eus\/es\/wp-json\/wp\/v2\/pages\/187\/revisions"}],"predecessor-version":[{"id":949,"href":"https:\/\/energiabulegoa.debagoiena.eus\/es\/wp-json\/wp\/v2\/pages\/187\/revisions\/949"}],"up":[{"embeddable":true,"href":"https:\/\/energiabulegoa.debagoiena.eus\/es\/wp-json\/wp\/v2\/pages\/197"}],"wp:attachment":[{"href":"https:\/\/energiabulegoa.debagoiena.eus\/es\/wp-json\/wp\/v2\/media?parent=187"}],"curies":[{"name":"wp","href":"https:\/\/api.w.org\/{rel}","templated":true}]}}

https://energiabulegoa.oñati.eus/plan-de-energia/

Plan de energía de Debagoiena

<div class="wp-block-cover has-background-color has-text-color has-link-color wp-elements-50df029cc6d2ac702b3e449f7bf7bfd7 wp-duotone-dark-grayscale" style="margin-top:0;margin-bottom:0"><span aria-hidden="true" class="wp-block-cover__background has-tertiary-background-color has-background-dim-80 has-background-dim"></span><img loading="lazy" decoding="async" width="1920" height="1280" class="wp-block-cover__image-background wp-image-386" alt="" src="https://energiabulegoa.oñati.eus/app/uploads/2023/11/kazuend-cCthPLHmrzI-unsplash.jpg" data-object-fit="cover" srcset="https://energiabulegoa.debagoiena.eus/wp-content/uploads/2023/11/kazuend-cCthPLHmrzI-unsplash.jpg 1920w, https://energiabulegoa.debagoiena.eus/wp-content/uploads/2023/11/kazuend-cCthPLHmrzI-unsplash-300x200.jpg 300w, https://energiabulegoa.debagoiena.eus/wp-content/uploads/2023/11/kazuend-cCthPLHmrzI-unsplash-1024x683.jpg 1024w, https://energiabulegoa.debagoiena.eus/wp-content/uploads/2023/11/kazuend-cCthPLHmrzI-unsplash-768x512.jpg 768w, https://energiabulegoa.debagoiena.eus/wp-content/uploads/2023/11/kazuend-cCthPLHmrzI-unsplash-1536x1024.jpg 1536w" sizes="auto, (max-width: 1920px) 100vw, 1920px" /><div class="wp-block-cover__inner-container has-global-padding is-layout-constrained wp-block-cover-is-layout-constrained">
<div class="wp-block-group alignfull is-layout-flow wp-block-group-is-layout-flow">
<div class="wp-block-columns are-vertically-aligned-center is-layout-flex wp-container-core-columns-is-layout-5c8fb865 wp-block-columns-is-layout-flex">
<div class="wp-block-column is-vertically-aligned-center is-layout-flow wp-block-column-is-layout-flow">
<div class="wp-block-group is-nowrap is-layout-flex wp-container-core-group-is-layout-fc054d2d wp-block-group-is-layout-flex">
<h1 class="wp-block-heading has-background-color has-text-color has-link-color has-montserrat-font-family wp-elements-1217393b1d17aa4f94d20c89f2bd457f" style="font-size:clamp(2.629rem, 2.629rem + ((1vw - 0.2rem) * 3.449), 5rem);font-style:normal;font-weight:700">1</h1>



<div class="wp-block-group has-montserrat-font-family has-global-padding is-layout-constrained wp-container-core-group-is-layout-570efc33 wp-block-group-is-layout-constrained" style="border-radius:5px;padding-top:var(--wp--preset--spacing--30);padding-right:var(--wp--preset--spacing--30);padding-bottom:var(--wp--preset--spacing--30);padding-left:var(--wp--preset--spacing--30)">
<h3 class="wp-block-heading has-montserrat-font-family" style="font-style:normal;font-weight:600;text-transform:uppercase"><br/>APOSTAR POR EL CAMBIO DEL MODELO ENERGÉTICO</h3>



<p>El objetivo es establecer la coordinación interinstitucional para la planificación y acción energética, en colaboración con el resto de agentes, para afrontar los retos de futuro (Mesa Comarcal de Energía, …)</p>



<p>El objetivo de esta línea es facilitar herramientas para la transformación: Poner en marcha una oficina de energía y un observatorio de datos para resolver las dudas de la ciudadanía)</p>
</div>
</div>
</div>



<div class="wp-block-column is-vertically-aligned-center is-layout-flow wp-block-column-is-layout-flow">
<div class="wp-block-group is-nowrap is-layout-flex wp-container-core-group-is-layout-fc054d2d wp-block-group-is-layout-flex">
<h1 class="wp-block-heading has-background-color has-text-color has-link-color has-montserrat-font-family wp-elements-bab745ab816a139709d5219ba3cd6ddb" style="font-size:clamp(2.629rem, 2.629rem + ((1vw - 0.2rem) * 3.449), 5rem);font-style:normal;font-weight:700">2</h1>



<div class="wp-block-group has-montserrat-font-family has-global-padding is-layout-constrained wp-container-core-group-is-layout-570efc33 wp-block-group-is-layout-constrained" style="border-radius:5px;padding-top:var(--wp--preset--spacing--30);padding-right:var(--wp--preset--spacing--30);padding-bottom:var(--wp--preset--spacing--30);padding-left:var(--wp--preset--spacing--30)">
<h3 class="wp-block-heading has-montserrat-font-family" style="font-style:normal;font-weight:600;text-transform:uppercase"><br/><strong>PROMOVER UNA ADMINISTRACIÓN PÚBLICA COMARCAL RESPONSABLE EN MATERIA DE ENERGÍA</strong></h3>



<p>La adecuación de la administración de la comarca a la Ley de Sostenibilidad Energética es imprescindible, y para ello se trabajarán iniciativas para mejorar la eficiencia energética y promover la generación de energías renovables en los edificios públicos de la comarca con los que cuentan los ayuntamientos</p>
</div>
</div>
</div>
</div>



<div class="wp-block-columns is-layout-flex wp-container-core-columns-is-layout-5c8fb865 wp-block-columns-is-layout-flex">
<div class="wp-block-column is-vertically-aligned-center is-layout-flow wp-block-column-is-layout-flow">
<div class="wp-block-group is-nowrap is-layout-flex wp-container-core-group-is-layout-fc054d2d wp-block-group-is-layout-flex">
<h1 class="wp-block-heading has-background-color has-text-color has-link-color has-montserrat-font-family wp-elements-43ebe30896ce0bc38aa5322403f218b7" style="font-size:clamp(2.629rem, 2.629rem + ((1vw - 0.2rem) * 3.449), 5rem);font-style:normal;font-weight:700">3</h1>



<div class="wp-block-group has-montserrat-font-family has-global-padding is-layout-constrained wp-container-core-group-is-layout-570efc33 wp-block-group-is-layout-constrained" style="border-radius:5px;padding-top:var(--wp--preset--spacing--30);padding-right:var(--wp--preset--spacing--30);padding-bottom:var(--wp--preset--spacing--30);padding-left:var(--wp--preset--spacing--30)">
<h3 class="wp-block-heading has-montserrat-font-family" style="font-style:normal;font-weight:600;text-transform:uppercase"><br/><strong>IMPULSAR LA GESTIÓN ENERGÉTICA SOSTENIBLE EN HOGARES Y ACTIVIDADES ECONÓMICAS</strong></h3>



<p>El objetivo es facilitar herramientas para el empoderamiento de la ciudadanía en materia energética, poniendo en marcha información y recursos para la gestión de la energía en los hogares y centros educativos.</p>



<p>También tiene como objetivo ampliar el tratamiento de la vulnerabilidad energética.</p>



<p>Facilitar herramientas de apoyo para la mejora de edificios, instalaciones y equipos en actividades económicas (análisis de eficiencia energética y viabilidad de renovables), así como información, sensibilización y formación dirigida principalmente al sector de la construcción</p>
</div>
</div>
</div>



<div class="wp-block-column is-vertically-aligned-center is-layout-flow wp-block-column-is-layout-flow">
<div class="wp-block-group is-nowrap is-layout-flex wp-container-core-group-is-layout-fc054d2d wp-block-group-is-layout-flex">
<h1 class="wp-block-heading has-background-color has-text-color has-link-color has-montserrat-font-family wp-elements-5cf3659f2ac693401f9a19e4e381a802" style="font-size:clamp(2.629rem, 2.629rem + ((1vw - 0.2rem) * 3.449), 5rem);font-style:normal;font-weight:700">4</h1>



<div class="wp-block-group has-montserrat-font-family has-global-padding is-layout-constrained wp-container-core-group-is-layout-570efc33 wp-block-group-is-layout-constrained" style="border-radius:5px;padding-top:var(--wp--preset--spacing--30);padding-right:var(--wp--preset--spacing--30);padding-bottom:var(--wp--preset--spacing--30);padding-left:var(--wp--preset--spacing--30)">
<h3 class="wp-block-heading has-montserrat-font-family" style="font-style:normal;font-weight:600;text-transform:uppercase"><br/><strong>DESARROLLO DEL URBANISMO Y LA MOVILIDAD COMARCAL CON CRITERIOS DE ENERGÍA Y CLIMA/strong&gt;</strong></h3>



<p><br/>El objetivo es promover la eficiencia energética y las energías renovables en el ámbito urbano. El objetivo es impulsar la sostenibilidad en la rehabilitación de la vivienda y avanzar en el camino hacia la movilidad sostenible (estudios de cargaderos para coches eléctricos, …) mediante la promoción de recomendaciones técnicas sobre eficiencia energética y energías renovables en proyectos de planificación urbanística y regeneración de barrios.</p>
</div>
</div>
</div>
</div>
</div>
</div></div>
